 = -p - 1, -r = -2*i - 0*p + 5*p. Suppose i = w - 28 + 3. List the prime factors of w.
5
Let f(b) = -232*b - 129. List the prime factors of f(-12).
3, 5, 59
Let u = 23 + -38. Let l = -37 - -24. Let k = l - u. List the prime factors of k.
2
Suppose -4*o = 5*a - 5074, 5*o - 2*a = -6*a + 6338. What are the prime factors of o?
2, 3, 211
Suppose 3126 = 6*y + 1110. Let z = -199 + y. What are the prime factors of z?
137
Suppose 5*t - 351 = -2*h, -348 = -3*h + 5*t + 216. Suppose -3*u + 6*u - h = 0. List the prime factors of u.
61
Let x = -1678 - -2468. What are the prime factors of x?
2, 5, 79
Let s(q) = -6 + 9 - 3*q + q**2 + 3 - 11 - 11. Let t = 14 - 7. What are the prime factors of s(t)?
2, 3
Let m = 76 + 1748. What are the prime factors of m?
2, 3, 19
Suppose -s + r = 3*s - 17, 4*s = -r + 7. Suppose -q - s*q - 4 = 4*u, 4*u + 19 = q. What are the prime factors of q?
3
Let b(h) = h**3 + 7*h**2 + 8*h + 7. Let p be b(-6). What are the prime factors of 43 + p/(1 + 4)?
2, 3, 7
Let a = 7 - 5. Suppose -6*b + a*b = -8. Let l(g) = g + 6. List the prime factors of l(b).
2
Let y(t) = -86*t**3 - t**2 + 4. What are the prime factors of y(-2)?
2, 43
Let u = 180 - -80. List the prime factors of u.
2, 5, 13
Let v = 355 - 163. Let y = 10 + v. Suppose -4*a = -34 - y. What are the prime factors of a?
59
Let s(y) = 278*y**2 - 35*y + 4. What are the prime factors of s(-2)?
2, 593
Suppose -2*b - 3*s = s - 2, 5*b - 31 = 3*s. Let g(f) = -f + 37. Let p be g(0). Suppose -b*k = -23 - p. What are the prime factors of k?
2, 3
Let q(d) = -d**2 + 10*d + 24. Let j be q(11). Suppose -x + 112 = j. List the prime factors of x.
3, 11
Suppose -18 = -5*i + 7. Suppose -g + 3*g + 61 = s, i*s - 3*g = 312. List the prime factors of s.
3, 7
Let x be (-9)/((-108)/(-224))*(-12)/14. Let g be 3/15 + (-9)/(-5). Suppose g*n - 50 = -x. What are the prime factors of n?
17
Let b be (-2468)/(-20) + 2*3/10. Let z = -69 + b. What are the prime factors of z?
5, 11
Suppose 4*a - 2*t - 15338 = 10620, -2*a + 4*t = -12988. What are the prime factors of a?
2, 811
What are the prime factors of (25050/(-250))/((-6)/20)?
2, 167
List the prime factors of (325 - 0) + (-2 - -3).
2, 163
Let a = 84 + -114. Let n = a - -148. What are the prime factors of n?
2, 59
Suppose 88*v + 4043 = 101*v. What are the prime factors of v?
311
Let f be 2*1 - (-756)/(-2). Suppose 5*h - 150 + 30 = 0. What are the prime factors of 4/(-6) - f/h?
3, 5
Let p(y) = 7*y**2 + 2*y + 1. Let o be p(-1). Suppose 2*a - o*a + 232 = 0. What are the prime factors of a?
2, 29
What are the prime factors of 9 - 14 - -5 - -325?
5, 13
Let g = 2178 + -1043. What are the prime factors of g?
5, 227
Suppose 10*c = 5*c - 2*n + 1117, -5*c + 4*n + 1111 = 0. Let t = c + -153. What are the prime factors of t?
2, 5, 7
Let d = -9 + 8. Let i(q) = -3*q + 1. Let m be i(d). Suppose 0 = -u + 2*z - 3 + 26, m*u - 5*z = 101. What are the prime factors of u?
29
Let l = -719 + 719. Let b(k) be the third derivative of k**5/60 + k**4/24 + 34*k**3/3 - k**2. What are the prime factors of b(l)?
2, 17
List the prime factors of 11 + -6 - 162/(-1).
167
Let q = 19 + -21. Let a be q/(-4)*(-4 - -4). Suppose -j = j - 4*h - 56, a = 2*h + 8. What are the prime factors of j?
2, 5
Suppose -5*h + 6 = -x, 0*x - x - h = 0. List the prime factors of 14/(-6)*x*6.
2, 7
Let x(b) = -b**2 - 7*b - 2. Let a be x(-6). Let i be (-8)/(a/4) + -2. List the prime factors of 78/5 + (-4)/i.
2
Let k(h) be the second derivative of 2*h**3 + 3*h**2 + 6*h. List the prime factors of k(4).
2, 3
Let h(x) = -4*x**2 + 28*x + 20. Let b(q) = -q**2 + 7*q + 5. Let m(y) = -9*b(y) + 2*h(y). Let a be (-1)/(2/(12 - 2)). What are the prime factors of m(a)?
5, 11
Suppose 4*t - 4443 = -3*j, 5*j + 61*t - 56*t - 7400 = 0. List the prime factors of j.
7, 211
Let f = -700 + 2649. What are the prime factors of f?
1949
Let b = 975 + -483. List the prime factors of b.
2, 3, 41
Let p = 1075 - 933. What are the prime factors of p?
2, 71
Let j(u) = 11*u**3 + 3*u**2 - u - 52. List the prime factors of j(5).
7, 199
Suppose -3*v + 9 = -6. Suppose 429 = v*i - 56. List the prime factors of i.
97
Suppose 545 = 6*f - 61. Let r = -17 + f. List the prime factors of r.
2, 3, 7
Suppose 2*r = -4*b + 312, 2*b - 7*b + 387 = r. Suppose 0 = 2*t + 5*g + 24, -5*g + 17 = 5*t + b. List the prime factors of 10 + t/(0 - -4).
7
Let i be (-3)/15*0 - (-2 - 2). What are the prime factors of i/16*(-6 - -874)?
7, 31
Suppose 5*l = -4*y - 138, -3*l + 7 - 1 = 0. Let f = 67 + y. What are the prime factors of f?
2, 3, 5
Let h = 37 + -20. Suppose 847 = -10*t + h*t. List the prime factors of t.
11
Suppose 5*m + 4*y = 9*y + 775, -3*m - 5*y + 441 = 0. Suppose 0 = -4*g + u + 556, m = g - u + 13. What are the prime factors of g?
139
Suppose 220 = 50*s - 52*s. Let q = s + 241. What are the prime factors of q?
131
Let g be -62 - ((-1)/(-3) - 10/(-6)). List the prime factors of (-3 - -5)/(g/33 + 2).
3, 11
Let m(s) be the first derivative of 2*s**3 - 4*s**2 + 6*s + 22. What are the prime factors of m(-4)?
2, 67
Suppose 1451 = 4*x - 29. What are the prime factors of x?
2, 5, 37
Suppose -5*g = -8*g + 21. Suppose -g = -4*z + 1. Suppose -30 = -2*j + 2*t, 3*j + 0*t = -z*t + 70. What are the prime factors of j?
2, 5
Let g(s) = -s**3 - s**2 + 7*s + 5. Let r(a) = -a**2 - a - 2. Let u = -20 + 18. Let l be r(u). List the prime factors of g(l).
5
Suppose -118 = -2*i + 5*d + 430, -i - d + 260 = 0. What are the prime factors of i?
2, 3, 11
Let a(p) = 0 + 11*p + 6 - 3 + p. Let d be a(5). What are the prime factors of 4/(12/d) - 2?
19
Suppose 1437 = 12*s - 3147. What are the prime factors of s?
2, 191
Let s = 9698 - 5964. What are the prime factors of s?
2, 1867
Let r = 6 + 1. Suppose r*a = 8*a. Suppose -2*o - o + 87 = a. List the prime factors of o.
29
Let y be -1 + 0 - ((-150)/(-5) - -1). List the prime factors of 1 + -5 - (y - -6).
2, 11
Let f be (9/6)/(1*(-4)/(-24)). What are the prime factors of 64/6 + (1 - 6/f)?
11
Let d be (1/2)/(6/60). Suppose -9 = s + s + 3*y, 0 = -d*s - 2*y - 28. What are the prime factors of (-147)/s - 2/(-4)?
5
Suppose 0 = -3*n - 2*i - 19, 0 = 8*n - 4*n - 2*i + 30. Let j(x) = -7*x + 6. What are the prime factors of j(n)?
5, 11
Suppose -c = 3*m + 3*c - 73, 22 = m - c. Let b = m - 19. Suppose 0*h = -4*h - 5*a + 153, -b*a - 44 = -2*h. List the prime factors of h.
2
Let t(f) = -6 - 3*f + 5*f - f. Let j be t(2). Let c = j + 7. What are the prime factors of c?
3
Let a(s) = 39*s - 223. What are the prime factors of a(9)?
2
Let p = -9 - -12. Suppose p*l = -2*l + 55. Suppose -6 = -l*j + 9*j. What are the prime factors of j?
3
Suppose -9*w + 120 = -12*w. Let o = -36 - w. Suppose 5*q - 204 = g, o*g = q - 0*q - 56. What are the prime factors of q?
2, 5
Let d(r) = -r**3 + 3 - r**2 + 32 + 2*r**3. List the prime factors of d(0).
5, 7
Suppose 6*x - 7*x - 2*p + 822 = 0, 2*x - 1662 = 5*p. What are the prime factors of x?
2, 7, 59
Let n(l) be the third derivative of 3*l**5/20 + 17*l**4/24 + l**3/3 + 19*l**2. What are the prime factors of n(-5)?
2, 71
Suppose -5122 = -3*y - 1009. List the prime factors of y.
3, 457
Let t(l) be the first derivative of l**4/4 - 5*l**3/3 + 9*l**2/2 - 8*l - 6. List the prime factors of t(6).
2, 41
Suppose 4*t - 1640 - 1660 = 0. What are the prime factors of t?
3, 5, 11
Suppose -54 = -5*o - 14. List the prime factors of o/28 - (-668)/14.
2, 3
Let d = -2785 - -5846. What are the prime factors of d?
3061
Suppose -4*b - 1880 = -3*f, 2 + 6 = 2*b. List the prime factors of f.
2, 79
Suppose 0 = -2*i + 2*y + 504, 0 = -8*i + 5*i - 2*y + 771. What are the prime factors of i?
3, 5, 17
Let s(q) = 137*q + 350. What are the prime factors of s(4)?
2, 449
Suppose 15*r = 3*r + 14688. What are the prime factors of r?
2, 3, 17
Let p(d) be the second derivative of -d**5/20 + d**4/4 - d**3/3 + 3*d**2/2 + 50*d. What are the prime factors of p(-5)?
3, 71
Suppose 0 = 3*m - 90. Suppose 10 = -5*z + m. Suppose -17 = z*n - 301. List the prime factors of n.
71
Suppose -3*c + 16467 = 3*g, 5*g + 0*g - 27442 = -4*c. List the prime factors of g.
2, 13, 211
Let a(x) = x**2 - 9*x - 22. Let l be a(11). Suppose 3*o - 4*h + 8 = -l*h, -3*h = -4*o - 6. Suppose -12*r + 10*r + 44 = o. List the prime factors of r.
2, 11
Suppose 29*s - 166051 = -43961. What are the prime factors of s?
2, 5, 421
Let